{"id":11361,"date":"2017-06-14T11:42:25","date_gmt":"2017-06-14T10:42:25","guid":{"rendered":"http:\/\/www.obrallar.com\/projecte\/remsa\/"},"modified":"2018-03-01T14:01:02","modified_gmt":"2018-03-01T12:01:02","slug":"remsa","status":"publish","type":"project","link":"https:\/\/www.obrallar.com\/es\/projecte\/remsa\/","title":{"rendered":"EDIFICIO PLURIFAMILIAR EN CONSTRUCCI\u00d3N"},"content":{"rendered":"<style type=\"text\/css\"> \n#cmsmasters_row_69f21b1e65d838_23295269 .cmsmasters_row_outer_parent { \n\tpadding-top: 0px; \n} \n\n#cmsmasters_row_69f21b1e65d838_23295269 .cmsmasters_row_outer_parent { \n\tpadding-bottom: 50px; \n} \n\n<\/style><div id=\"cmsmasters_row_69f21b1e65d838_23295269\" class=\"cmsmasters_row cmsmasters_color_scheme_default cmsmasters_row_top_default cmsmasters_row_bot_default cmsmasters_row_boxed\">\n<div class=\"cmsmasters_row_outer_parent\">\n<div class=\"cmsmasters_row_outer\">\n<div class=\"cmsmasters_row_inner\">\n<div class=\"cmsmasters_row_margin\">\n<div class=\"cmsmasters_column one_first\">\n<div class=\"cmsmasters_text\">\n<p>En este proyecto se construyen pisos de uso privativo en las tres plantas piso y un local en planta baja y altillo con las \u00faltimas tecnolog\u00edas tanto de materiales como en innovaci\u00f3n.<\/p>\n<\/div>\n<\/div>\n<\/div>\n<\/div>\n<\/div>\n<\/div>\n<\/div>\n\n","protected":false},"excerpt":{"rendered":"<p>Construcci\u00f3n plurifamiliar de obra nueva.<\/p>\n","protected":false},"author":1,"featured_media":10998,"menu_order":0,"comment_status":"open","ping_status":"closed","template":"","format":"standard","meta":{"footnotes":""},"pj-categs":[40],"pj-tags":[],"class_list":["post-11361","project","type-project","status-publish","format-standard","has-post-thumbnail","hentry","pj-categs-construccion-edificios-casas-unifamiliares"],"yoast_head":"<!-- This site is optimized with the Yoast SEO plugin v27.4 - https:\/\/yoast.com\/product\/yoast-seo-wordpress\/ -->\n<title>Edificio plurifamiliar en construcci\u00f3n - Obrallar<\/title>\n<meta name=\"description\" content=\"Construcci\u00f3n de pisos de uso privativo de tres plantas y un local en planta baja y altillo con las \u00faltimas tecnologias, tanto en materiales, como en innovaci\u00f3n.\" \/>\n<meta name=\"robots\" content=\"index, follow, max-snippet:-1, max-image-preview:large, max-video-preview:-1\" \/>\n<link rel=\"canonical\" href=\"https:\/\/www.obrallar.com\/es\/projecte\/remsa\/\" \/>\n<meta property=\"og:locale\" content=\"es_ES\" \/>\n<meta property=\"og:type\" content=\"article\" \/>\n<meta property=\"og:title\" content=\"Edificio plurifamiliar en construcci\u00f3n - Obrallar\" \/>\n<meta property=\"og:description\" content=\"Construcci\u00f3n de pisos de uso privativo de tres plantas y un local en planta baja y altillo con las \u00faltimas tecnologias, tanto en materiales, como en innovaci\u00f3n.\" \/>\n<meta property=\"og:url\" content=\"https:\/\/www.obrallar.com\/es\/projecte\/remsa\/\" \/>\n<meta property=\"og:site_name\" content=\"Obrallar\" \/>\n<meta property=\"article:modified_time\" content=\"2018-03-01T12:01:02+00:00\" \/>\n<meta property=\"og:image\" content=\"https:\/\/www.obrallar.com\/wp-content\/uploads\/2017\/06\/Remsa_Manresa-4.jpg\" \/>\n\t<meta property=\"og:image:width\" content=\"1000\" \/>\n\t<meta property=\"og:image:height\" content=\"750\" \/>\n\t<meta property=\"og:image:type\" content=\"image\/jpeg\" \/>\n<meta name=\"twitter:card\" content=\"summary_large_image\" \/>\n<script type=\"application\/ld+json\" class=\"yoast-schema-graph\">{\"@context\":\"https:\\\/\\\/schema.org\",\"@graph\":[{\"@type\":\"WebPage\",\"@id\":\"https:\\\/\\\/www.obrallar.com\\\/es\\\/projecte\\\/remsa\\\/\",\"url\":\"https:\\\/\\\/www.obrallar.com\\\/es\\\/projecte\\\/remsa\\\/\",\"name\":\"Edificio plurifamiliar en construcci\u00f3n - Obrallar\",\"isPartOf\":{\"@id\":\"https:\\\/\\\/www.obrallar.com\\\/#website\"},\"primaryImageOfPage\":{\"@id\":\"https:\\\/\\\/www.obrallar.com\\\/es\\\/projecte\\\/remsa\\\/#primaryimage\"},\"image\":{\"@id\":\"https:\\\/\\\/www.obrallar.com\\\/es\\\/projecte\\\/remsa\\\/#primaryimage\"},\"thumbnailUrl\":\"https:\\\/\\\/www.obrallar.com\\\/wp-content\\\/uploads\\\/2017\\\/06\\\/Remsa_Manresa-4.jpg\",\"datePublished\":\"2017-06-14T10:42:25+00:00\",\"dateModified\":\"2018-03-01T12:01:02+00:00\",\"description\":\"Construcci\u00f3n de pisos de uso privativo de tres plantas y un local en planta baja y altillo con las \u00faltimas tecnologias, tanto en materiales, como en innovaci\u00f3n.\",\"breadcrumb\":{\"@id\":\"https:\\\/\\\/www.obrallar.com\\\/es\\\/projecte\\\/remsa\\\/#breadcrumb\"},\"inLanguage\":\"es\",\"potentialAction\":[{\"@type\":\"ReadAction\",\"target\":[\"https:\\\/\\\/www.obrallar.com\\\/es\\\/projecte\\\/remsa\\\/\"]}]},{\"@type\":\"ImageObject\",\"inLanguage\":\"es\",\"@id\":\"https:\\\/\\\/www.obrallar.com\\\/es\\\/projecte\\\/remsa\\\/#primaryimage\",\"url\":\"https:\\\/\\\/www.obrallar.com\\\/wp-content\\\/uploads\\\/2017\\\/06\\\/Remsa_Manresa-4.jpg\",\"contentUrl\":\"https:\\\/\\\/www.obrallar.com\\\/wp-content\\\/uploads\\\/2017\\\/06\\\/Remsa_Manresa-4.jpg\",\"width\":1000,\"height\":750,\"caption\":\"Construcci\u00f3 Remsa Manresa - Obrallar\"},{\"@type\":\"BreadcrumbList\",\"@id\":\"https:\\\/\\\/www.obrallar.com\\\/es\\\/projecte\\\/remsa\\\/#breadcrumb\",\"itemListElement\":[{\"@type\":\"ListItem\",\"position\":1,\"name\":\"Inici\",\"item\":\"https:\\\/\\\/www.obrallar.com\\\/es\\\/\"},{\"@type\":\"ListItem\",\"position\":2,\"name\":\"Projects\",\"item\":\"https:\\\/\\\/www.obrallar.com\\\/projecte\\\/\"},{\"@type\":\"ListItem\",\"position\":3,\"name\":\"EDIFICIO PLURIFAMILIAR EN CONSTRUCCI\u00d3N\"}]},{\"@type\":\"WebSite\",\"@id\":\"https:\\\/\\\/www.obrallar.com\\\/#website\",\"url\":\"https:\\\/\\\/www.obrallar.com\\\/\",\"name\":\"Obrallar\",\"description\":\"Serveis de reforma\",\"potentialAction\":[{\"@type\":\"SearchAction\",\"target\":{\"@type\":\"EntryPoint\",\"urlTemplate\":\"https:\\\/\\\/www.obrallar.com\\\/?s={search_term_string}\"},\"query-input\":{\"@type\":\"PropertyValueSpecification\",\"valueRequired\":true,\"valueName\":\"search_term_string\"}}],\"inLanguage\":\"es\"}]}<\/script>\n<!-- \/ Yoast SEO plugin. -->","yoast_head_json":{"title":"Edificio plurifamiliar en construcci\u00f3n - Obrallar","description":"Construcci\u00f3n de pisos de uso privativo de tres plantas y un local en planta baja y altillo con las \u00faltimas tecnologias, tanto en materiales, como en innovaci\u00f3n.","robots":{"index":"index","follow":"follow","max-snippet":"max-snippet:-1","max-image-preview":"max-image-preview:large","max-video-preview":"max-video-preview:-1"},"canonical":"https:\/\/www.obrallar.com\/es\/projecte\/remsa\/","og_locale":"es_ES","og_type":"article","og_title":"Edificio plurifamiliar en construcci\u00f3n - Obrallar","og_description":"Construcci\u00f3n de pisos de uso privativo de tres plantas y un local en planta baja y altillo con las \u00faltimas tecnologias, tanto en materiales, como en innovaci\u00f3n.","og_url":"https:\/\/www.obrallar.com\/es\/projecte\/remsa\/","og_site_name":"Obrallar","article_modified_time":"2018-03-01T12:01:02+00:00","og_image":[{"width":1000,"height":750,"url":"https:\/\/www.obrallar.com\/wp-content\/uploads\/2017\/06\/Remsa_Manresa-4.jpg","type":"image\/jpeg"}],"twitter_card":"summary_large_image","schema":{"@context":"https:\/\/schema.org","@graph":[{"@type":"WebPage","@id":"https:\/\/www.obrallar.com\/es\/projecte\/remsa\/","url":"https:\/\/www.obrallar.com\/es\/projecte\/remsa\/","name":"Edificio plurifamiliar en construcci\u00f3n - Obrallar","isPartOf":{"@id":"https:\/\/www.obrallar.com\/#website"},"primaryImageOfPage":{"@id":"https:\/\/www.obrallar.com\/es\/projecte\/remsa\/#primaryimage"},"image":{"@id":"https:\/\/www.obrallar.com\/es\/projecte\/remsa\/#primaryimage"},"thumbnailUrl":"https:\/\/www.obrallar.com\/wp-content\/uploads\/2017\/06\/Remsa_Manresa-4.jpg","datePublished":"2017-06-14T10:42:25+00:00","dateModified":"2018-03-01T12:01:02+00:00","description":"Construcci\u00f3n de pisos de uso privativo de tres plantas y un local en planta baja y altillo con las \u00faltimas tecnologias, tanto en materiales, como en innovaci\u00f3n.","breadcrumb":{"@id":"https:\/\/www.obrallar.com\/es\/projecte\/remsa\/#breadcrumb"},"inLanguage":"es","potentialAction":[{"@type":"ReadAction","target":["https:\/\/www.obrallar.com\/es\/projecte\/remsa\/"]}]},{"@type":"ImageObject","inLanguage":"es","@id":"https:\/\/www.obrallar.com\/es\/projecte\/remsa\/#primaryimage","url":"https:\/\/www.obrallar.com\/wp-content\/uploads\/2017\/06\/Remsa_Manresa-4.jpg","contentUrl":"https:\/\/www.obrallar.com\/wp-content\/uploads\/2017\/06\/Remsa_Manresa-4.jpg","width":1000,"height":750,"caption":"Construcci\u00f3 Remsa Manresa - Obrallar"},{"@type":"BreadcrumbList","@id":"https:\/\/www.obrallar.com\/es\/projecte\/remsa\/#breadcrumb","itemListElement":[{"@type":"ListItem","position":1,"name":"Inici","item":"https:\/\/www.obrallar.com\/es\/"},{"@type":"ListItem","position":2,"name":"Projects","item":"https:\/\/www.obrallar.com\/projecte\/"},{"@type":"ListItem","position":3,"name":"EDIFICIO PLURIFAMILIAR EN CONSTRUCCI\u00d3N"}]},{"@type":"WebSite","@id":"https:\/\/www.obrallar.com\/#website","url":"https:\/\/www.obrallar.com\/","name":"Obrallar","description":"Serveis de reforma","potentialAction":[{"@type":"SearchAction","target":{"@type":"EntryPoint","urlTemplate":"https:\/\/www.obrallar.com\/?s={search_term_string}"},"query-input":{"@type":"PropertyValueSpecification","valueRequired":true,"valueName":"search_term_string"}}],"inLanguage":"es"}]}},"_links":{"self":[{"href":"https:\/\/www.obrallar.com\/es\/wp-json\/wp\/v2\/project\/11361","targetHints":{"allow":["GET"]}}],"collection":[{"href":"https:\/\/www.obrallar.com\/es\/wp-json\/wp\/v2\/project"}],"about":[{"href":"https:\/\/www.obrallar.com\/es\/wp-json\/wp\/v2\/types\/project"}],"author":[{"embeddable":true,"href":"https:\/\/www.obrallar.com\/es\/wp-json\/wp\/v2\/users\/1"}],"replies":[{"embeddable":true,"href":"https:\/\/www.obrallar.com\/es\/wp-json\/wp\/v2\/comments?post=11361"}],"version-history":[{"count":1,"href":"https:\/\/www.obrallar.com\/es\/wp-json\/wp\/v2\/project\/11361\/revisions"}],"predecessor-version":[{"id":11378,"href":"https:\/\/www.obrallar.com\/es\/wp-json\/wp\/v2\/project\/11361\/revisions\/11378"}],"wp:featuredmedia":[{"embeddable":true,"href":"https:\/\/www.obrallar.com\/es\/wp-json\/wp\/v2\/media\/10998"}],"wp:attachment":[{"href":"https:\/\/www.obrallar.com\/es\/wp-json\/wp\/v2\/media?parent=11361"}],"wp:term":[{"taxonomy":"pj-categs","embeddable":true,"href":"https:\/\/www.obrallar.com\/es\/wp-json\/wp\/v2\/pj-categs?post=11361"},{"taxonomy":"pj-tags","embeddable":true,"href":"https:\/\/www.obrallar.com\/es\/wp-json\/wp\/v2\/pj-tags?post=11361"}],"curies":[{"name":"wp","href":"https:\/\/api.w.org\/{rel}","templated":true}]}}

EDIFICIO PLURIFAMILIAR EN CONSTRUCCIÓN

<style type="text/css"> 
#cmsmasters_row_69f21b1e65d838_23295269 .cmsmasters_row_outer_parent { 
	padding-top: 0px; 
} 

#cmsmasters_row_69f21b1e65d838_23295269 .cmsmasters_row_outer_parent { 
	padding-bottom: 50px; 
} 

</style><div id="cmsmasters_row_69f21b1e65d838_23295269" class="cmsmasters_row cmsmasters_color_scheme_default cmsmasters_row_top_default cmsmasters_row_bot_default cmsmasters_row_boxed">
<div class="cmsmasters_row_outer_parent">
<div class="cmsmasters_row_outer">
<div class="cmsmasters_row_inner">
<div class="cmsmasters_row_margin">
<div class="cmsmasters_column one_first">
<div class="cmsmasters_text">
<p>En este proyecto se construyen pisos de uso privativo en las tres plantas piso y un local en planta baja y altillo con las últimas tecnologías tanto de materiales como en innovación.</p>
</div>
</div>
</div>
</div>
</div>
</div>
</div>

<p>Construcción plurifamiliar de obra nueva.</p>

<!-- This site is optimized with the Yoast SEO plugin v27.4 - https://yoast.com/product/yoast-seo-wordpress/ -->
<title>Edificio plurifamiliar en construcción - Obrallar</title>
<meta name="description" content="Construcción de pisos de uso privativo de tres plantas y un local en planta baja y altillo con las últimas tecnologias, tanto en materiales, como en innovación." />
<meta name="robots" content="index, follow, max-snippet:-1, max-image-preview:large, max-video-preview:-1" />
<link rel="canonical" href="https://www.obrallar.com/es/projecte/remsa/" />
<meta property="og:locale" content="es_ES" />
<meta property="og:type" content="article" />
<meta property="og:title" content="Edificio plurifamiliar en construcción - Obrallar" />
<meta property="og:description" content="Construcción de pisos de uso privativo de tres plantas y un local en planta baja y altillo con las últimas tecnologias, tanto en materiales, como en innovación." />
<meta property="og:url" content="https://www.obrallar.com/es/projecte/remsa/" />
<meta property="og:site_name" content="Obrallar" />
<meta property="article:modified_time" content="2018-03-01T12:01:02+00:00" />
<meta property="og:image" content="https://www.obrallar.com/wp-content/uploads/2017/06/Remsa_Manresa-4.jpg" />
	<meta property="og:image:width" content="1000" />
	<meta property="og:image:height" content="750" />
	<meta property="og:image:type" content="image/jpeg" />
<meta name="twitter:card" content="summary_large_image" />
<script type="application/ld+json" class="yoast-schema-graph">{"@context":"https:\/\/schema.org","@graph":[{"@type":"WebPage","@id":"https:\/\/www.obrallar.com\/es\/projecte\/remsa\/","url":"https:\/\/www.obrallar.com\/es\/projecte\/remsa\/","name":"Edificio plurifamiliar en construcción - Obrallar","isPartOf":{"@id":"https:\/\/www.obrallar.com\/#website"},"primaryImageOfPage":{"@id":"https:\/\/www.obrallar.com\/es\/projecte\/remsa\/#primaryimage"},"image":{"@id":"https:\/\/www.obrallar.com\/es\/projecte\/remsa\/#primaryimage"},"thumbnailUrl":"https:\/\/www.obrallar.com\/wp-content\/uploads\/2017\/06\/Remsa_Manresa-4.jpg","datePublished":"2017-06-14T10:42:25+00:00","dateModified":"2018-03-01T12:01:02+00:00","description":"Construcción de pisos de uso privativo de tres plantas y un local en planta baja y altillo con las últimas tecnologias, tanto en materiales, como en innovación.","breadcrumb":{"@id":"https:\/\/www.obrallar.com\/es\/projecte\/remsa\/#breadcrumb"},"inLanguage":"es","potentialAction":[{"@type":"ReadAction","target":["https:\/\/www.obrallar.com\/es\/projecte\/remsa\/"]}]},{"@type":"ImageObject","inLanguage":"es","@id":"https:\/\/www.obrallar.com\/es\/projecte\/remsa\/#primaryimage","url":"https:\/\/www.obrallar.com\/wp-content\/uploads\/2017\/06\/Remsa_Manresa-4.jpg","contentUrl":"https:\/\/www.obrallar.com\/wp-content\/uploads\/2017\/06\/Remsa_Manresa-4.jpg","width":1000,"height":750,"caption":"Construcció Remsa Manresa - Obrallar"},{"@type":"BreadcrumbList","@id":"https:\/\/www.obrallar.com\/es\/projecte\/remsa\/#breadcrumb","itemListElement":[{"@type":"ListItem","position":1,"name":"Inici","item":"https:\/\/www.obrallar.com\/es\/"},{"@type":"ListItem","position":2,"name":"Projects","item":"https:\/\/www.obrallar.com\/projecte\/"},{"@type":"ListItem","position":3,"name":"EDIFICIO PLURIFAMILIAR EN CONSTRUCCIÓN"}]},{"@type":"WebSite","@id":"https:\/\/www.obrallar.com\/#website","url":"https:\/\/www.obrallar.com\/","name":"Obrallar","description":"Serveis de reforma","potentialAction":[{"@type":"SearchAction","target":{"@type":"EntryPoint","urlTemplate":"https:\/\/www.obrallar.com\/?s={search_term_string}"},"query-input":{"@type":"PropertyValueSpecification","valueRequired":true,"valueName":"search_term_string"}}],"inLanguage":"es"}]}</script>
<!-- / Yoast SEO plugin. -->

Edificio plurifamiliar en construcción - Obrallar

Construcción de pisos de uso privativo de tres plantas y un local en planta baja y altillo con las últimas tecnologias, tanto en materiales, como en innovación.

Construcció Remsa Manresa - Obrallar
