{"id":12171,"date":"2023-10-23T11:34:56","date_gmt":"2023-10-23T09:34:56","guid":{"rendered":"https:\/\/www.obrallar.com\/?post_type=project&#038;p=12171"},"modified":"2023-10-24T11:34:25","modified_gmt":"2023-10-24T09:34:25","slug":"rerforma-integral-de-una-vivienda-en-manresa","status":"publish","type":"project","link":"https:\/\/www.obrallar.com\/es\/projecte\/rerforma-integral-de-una-vivienda-en-manresa\/","title":{"rendered":"RERFORMA INTEGRAL DE UNA VIVIENDA EN MANRESA"},"content":{"rendered":"<style type=\"text\/css\"><\/style>\n<p>Reforma integral de una casa en las afueras de Manresa.<\/p>\n\n\n\n<p>El pavimento porcel\u00e1nico de gran formato, contin\u00fao en todas las estancias de la casa, consigue crear una sensaci\u00f3n de amplitud y homogeniedad, e integra todos los espacios.<\/p>\n\n\n\n<p>La recuperaci\u00f3n de los materiales originales de la finca, combinados con materiales m\u00e1s actuales dan personalidad a la vivienda y la hacen \u00fanica y especial. La madera, presente en las puertas y mobiliario, y la presencia de luz natural en todas las estancias nos aportan la calidez necesitada<\/p>\n","protected":false},"excerpt":{"rendered":"<p>Reforma integral de una casa en las afueras de Manresa.<\/p>\n","protected":false},"author":3,"featured_media":12164,"menu_order":0,"comment_status":"open","ping_status":"closed","template":"","format":"standard","meta":{"footnotes":""},"pj-categs":[36],"pj-tags":[],"class_list":["post-12171","project","type-project","status-publish","format-standard","has-post-thumbnail","hentry","pj-categs-reforma-interiores"],"yoast_head":"<!-- This site is optimized with the Yoast SEO plugin v27.4 - https:\/\/yoast.com\/product\/yoast-seo-wordpress\/ -->\n<title>RERFORMA INTEGRAL DE UNA VIVIENDA EN MANRESA - Obrallar<\/title>\n<meta name=\"robots\" content=\"index, follow, max-snippet:-1, max-image-preview:large, max-video-preview:-1\" \/>\n<link rel=\"canonical\" href=\"https:\/\/www.obrallar.com\/es\/projecte\/rerforma-integral-de-una-vivienda-en-manresa\/\" \/>\n<meta property=\"og:locale\" content=\"es_ES\" \/>\n<meta property=\"og:type\" content=\"article\" \/>\n<meta property=\"og:title\" content=\"RERFORMA INTEGRAL DE UNA VIVIENDA EN MANRESA - Obrallar\" \/>\n<meta property=\"og:description\" content=\"Reforma integral de una casa en las afueras de Manresa.\" \/>\n<meta property=\"og:url\" content=\"https:\/\/www.obrallar.com\/es\/projecte\/rerforma-integral-de-una-vivienda-en-manresa\/\" \/>\n<meta property=\"og:site_name\" content=\"Obrallar\" \/>\n<meta property=\"article:modified_time\" content=\"2023-10-24T09:34:25+00:00\" \/>\n<meta property=\"og:image\" content=\"https:\/\/www.obrallar.com\/wp-content\/uploads\/2022\/04\/DSCF0796.jpg\" \/>\n\t<meta property=\"og:image:width\" content=\"1125\" \/>\n\t<meta property=\"og:image:height\" content=\"750\" \/>\n\t<meta property=\"og:image:type\" content=\"image\/jpeg\" \/>\n<meta name=\"twitter:card\" content=\"summary_large_image\" \/>\n<meta name=\"twitter:label1\" content=\"Tiempo de lectura\" \/>\n\t<meta name=\"twitter:data1\" content=\"1 minuto\" \/>\n<script type=\"application\/ld+json\" class=\"yoast-schema-graph\">{\"@context\":\"https:\\\/\\\/schema.org\",\"@graph\":[{\"@type\":\"WebPage\",\"@id\":\"https:\\\/\\\/www.obrallar.com\\\/es\\\/projecte\\\/rerforma-integral-de-una-vivienda-en-manresa\\\/\",\"url\":\"https:\\\/\\\/www.obrallar.com\\\/es\\\/projecte\\\/rerforma-integral-de-una-vivienda-en-manresa\\\/\",\"name\":\"RERFORMA INTEGRAL DE UNA VIVIENDA EN MANRESA - Obrallar\",\"isPartOf\":{\"@id\":\"https:\\\/\\\/www.obrallar.com\\\/#website\"},\"primaryImageOfPage\":{\"@id\":\"https:\\\/\\\/www.obrallar.com\\\/es\\\/projecte\\\/rerforma-integral-de-una-vivienda-en-manresa\\\/#primaryimage\"},\"image\":{\"@id\":\"https:\\\/\\\/www.obrallar.com\\\/es\\\/projecte\\\/rerforma-integral-de-una-vivienda-en-manresa\\\/#primaryimage\"},\"thumbnailUrl\":\"https:\\\/\\\/www.obrallar.com\\\/wp-content\\\/uploads\\\/2022\\\/04\\\/DSCF0796.jpg\",\"datePublished\":\"2023-10-23T09:34:56+00:00\",\"dateModified\":\"2023-10-24T09:34:25+00:00\",\"breadcrumb\":{\"@id\":\"https:\\\/\\\/www.obrallar.com\\\/es\\\/projecte\\\/rerforma-integral-de-una-vivienda-en-manresa\\\/#breadcrumb\"},\"inLanguage\":\"es\",\"potentialAction\":[{\"@type\":\"ReadAction\",\"target\":[\"https:\\\/\\\/www.obrallar.com\\\/es\\\/projecte\\\/rerforma-integral-de-una-vivienda-en-manresa\\\/\"]}]},{\"@type\":\"ImageObject\",\"inLanguage\":\"es\",\"@id\":\"https:\\\/\\\/www.obrallar.com\\\/es\\\/projecte\\\/rerforma-integral-de-una-vivienda-en-manresa\\\/#primaryimage\",\"url\":\"https:\\\/\\\/www.obrallar.com\\\/wp-content\\\/uploads\\\/2022\\\/04\\\/DSCF0796.jpg\",\"contentUrl\":\"https:\\\/\\\/www.obrallar.com\\\/wp-content\\\/uploads\\\/2022\\\/04\\\/DSCF0796.jpg\",\"width\":1125,\"height\":750,\"caption\":\"Processed with VSCO with a4 preset\"},{\"@type\":\"BreadcrumbList\",\"@id\":\"https:\\\/\\\/www.obrallar.com\\\/es\\\/projecte\\\/rerforma-integral-de-una-vivienda-en-manresa\\\/#breadcrumb\",\"itemListElement\":[{\"@type\":\"ListItem\",\"position\":1,\"name\":\"Inici\",\"item\":\"https:\\\/\\\/www.obrallar.com\\\/es\\\/\"},{\"@type\":\"ListItem\",\"position\":2,\"name\":\"Projects\",\"item\":\"https:\\\/\\\/www.obrallar.com\\\/projecte\\\/\"},{\"@type\":\"ListItem\",\"position\":3,\"name\":\"RERFORMA INTEGRAL DE UNA VIVIENDA EN MANRESA\"}]},{\"@type\":\"WebSite\",\"@id\":\"https:\\\/\\\/www.obrallar.com\\\/#website\",\"url\":\"https:\\\/\\\/www.obrallar.com\\\/\",\"name\":\"Obrallar\",\"description\":\"Serveis de reforma\",\"potentialAction\":[{\"@type\":\"SearchAction\",\"target\":{\"@type\":\"EntryPoint\",\"urlTemplate\":\"https:\\\/\\\/www.obrallar.com\\\/?s={search_term_string}\"},\"query-input\":{\"@type\":\"PropertyValueSpecification\",\"valueRequired\":true,\"valueName\":\"search_term_string\"}}],\"inLanguage\":\"es\"}]}<\/script>\n<!-- \/ Yoast SEO plugin. -->","yoast_head_json":{"title":"RERFORMA INTEGRAL DE UNA VIVIENDA EN MANRESA - Obrallar","robots":{"index":"index","follow":"follow","max-snippet":"max-snippet:-1","max-image-preview":"max-image-preview:large","max-video-preview":"max-video-preview:-1"},"canonical":"https:\/\/www.obrallar.com\/es\/projecte\/rerforma-integral-de-una-vivienda-en-manresa\/","og_locale":"es_ES","og_type":"article","og_title":"RERFORMA INTEGRAL DE UNA VIVIENDA EN MANRESA - Obrallar","og_description":"Reforma integral de una casa en las afueras de Manresa.","og_url":"https:\/\/www.obrallar.com\/es\/projecte\/rerforma-integral-de-una-vivienda-en-manresa\/","og_site_name":"Obrallar","article_modified_time":"2023-10-24T09:34:25+00:00","og_image":[{"width":1125,"height":750,"url":"https:\/\/www.obrallar.com\/wp-content\/uploads\/2022\/04\/DSCF0796.jpg","type":"image\/jpeg"}],"twitter_card":"summary_large_image","twitter_misc":{"Tiempo de lectura":"1 minuto"},"schema":{"@context":"https:\/\/schema.org","@graph":[{"@type":"WebPage","@id":"https:\/\/www.obrallar.com\/es\/projecte\/rerforma-integral-de-una-vivienda-en-manresa\/","url":"https:\/\/www.obrallar.com\/es\/projecte\/rerforma-integral-de-una-vivienda-en-manresa\/","name":"RERFORMA INTEGRAL DE UNA VIVIENDA EN MANRESA - Obrallar","isPartOf":{"@id":"https:\/\/www.obrallar.com\/#website"},"primaryImageOfPage":{"@id":"https:\/\/www.obrallar.com\/es\/projecte\/rerforma-integral-de-una-vivienda-en-manresa\/#primaryimage"},"image":{"@id":"https:\/\/www.obrallar.com\/es\/projecte\/rerforma-integral-de-una-vivienda-en-manresa\/#primaryimage"},"thumbnailUrl":"https:\/\/www.obrallar.com\/wp-content\/uploads\/2022\/04\/DSCF0796.jpg","datePublished":"2023-10-23T09:34:56+00:00","dateModified":"2023-10-24T09:34:25+00:00","breadcrumb":{"@id":"https:\/\/www.obrallar.com\/es\/projecte\/rerforma-integral-de-una-vivienda-en-manresa\/#breadcrumb"},"inLanguage":"es","potentialAction":[{"@type":"ReadAction","target":["https:\/\/www.obrallar.com\/es\/projecte\/rerforma-integral-de-una-vivienda-en-manresa\/"]}]},{"@type":"ImageObject","inLanguage":"es","@id":"https:\/\/www.obrallar.com\/es\/projecte\/rerforma-integral-de-una-vivienda-en-manresa\/#primaryimage","url":"https:\/\/www.obrallar.com\/wp-content\/uploads\/2022\/04\/DSCF0796.jpg","contentUrl":"https:\/\/www.obrallar.com\/wp-content\/uploads\/2022\/04\/DSCF0796.jpg","width":1125,"height":750,"caption":"Processed with VSCO with a4 preset"},{"@type":"BreadcrumbList","@id":"https:\/\/www.obrallar.com\/es\/projecte\/rerforma-integral-de-una-vivienda-en-manresa\/#breadcrumb","itemListElement":[{"@type":"ListItem","position":1,"name":"Inici","item":"https:\/\/www.obrallar.com\/es\/"},{"@type":"ListItem","position":2,"name":"Projects","item":"https:\/\/www.obrallar.com\/projecte\/"},{"@type":"ListItem","position":3,"name":"RERFORMA INTEGRAL DE UNA VIVIENDA EN MANRESA"}]},{"@type":"WebSite","@id":"https:\/\/www.obrallar.com\/#website","url":"https:\/\/www.obrallar.com\/","name":"Obrallar","description":"Serveis de reforma","potentialAction":[{"@type":"SearchAction","target":{"@type":"EntryPoint","urlTemplate":"https:\/\/www.obrallar.com\/?s={search_term_string}"},"query-input":{"@type":"PropertyValueSpecification","valueRequired":true,"valueName":"search_term_string"}}],"inLanguage":"es"}]}},"_links":{"self":[{"href":"https:\/\/www.obrallar.com\/es\/wp-json\/wp\/v2\/project\/12171","targetHints":{"allow":["GET"]}}],"collection":[{"href":"https:\/\/www.obrallar.com\/es\/wp-json\/wp\/v2\/project"}],"about":[{"href":"https:\/\/www.obrallar.com\/es\/wp-json\/wp\/v2\/types\/project"}],"author":[{"embeddable":true,"href":"https:\/\/www.obrallar.com\/es\/wp-json\/wp\/v2\/users\/3"}],"replies":[{"embeddable":true,"href":"https:\/\/www.obrallar.com\/es\/wp-json\/wp\/v2\/comments?post=12171"}],"version-history":[{"count":2,"href":"https:\/\/www.obrallar.com\/es\/wp-json\/wp\/v2\/project\/12171\/revisions"}],"predecessor-version":[{"id":12307,"href":"https:\/\/www.obrallar.com\/es\/wp-json\/wp\/v2\/project\/12171\/revisions\/12307"}],"wp:featuredmedia":[{"embeddable":true,"href":"https:\/\/www.obrallar.com\/es\/wp-json\/wp\/v2\/media\/12164"}],"wp:attachment":[{"href":"https:\/\/www.obrallar.com\/es\/wp-json\/wp\/v2\/media?parent=12171"}],"wp:term":[{"taxonomy":"pj-categs","embeddable":true,"href":"https:\/\/www.obrallar.com\/es\/wp-json\/wp\/v2\/pj-categs?post=12171"},{"taxonomy":"pj-tags","embeddable":true,"href":"https:\/\/www.obrallar.com\/es\/wp-json\/wp\/v2\/pj-tags?post=12171"}],"curies":[{"name":"wp","href":"https:\/\/api.w.org\/{rel}","templated":true}]}}

<style type="text/css"></style>
<p>Reforma integral de una casa en las afueras de Manresa.</p>



<p>El pavimento porcelánico de gran formato, continúo en todas las estancias de la casa, consigue crear una sensación de amplitud y homogeniedad, e integra todos los espacios.</p>



<p>La recuperación de los materiales originales de la finca, combinados con materiales más actuales dan personalidad a la vivienda y la hacen única y especial. La madera, presente en las puertas y mobiliario, y la presencia de luz natural en todas las estancias nos aportan la calidez necesitada</p>
